[INFO] fetching crate elem 0.1.3...
[INFO] checking elem-0.1.3 against master#e6e4f7ed1589e03bc2f6c5931c1a72e7947e8682 for beta-170-4
[INFO] extracting crate elem 0.1.3 into /workspace/builds/worker-4-tc2/source
[INFO] validating manifest of crates.io crate elem 0.1.3 on toolchain e6e4f7ed1589e03bc2f6c5931c1a72e7947e8682
[INFO] running `Command { std: CARGO_HOME="/workspace/cargo-home" RUSTUP_HOME="/workspace/rustup-home" "/workspace/cargo-home/bin/cargo" "+e6e4f7ed1589e03bc2f6c5931c1a72e7947e8682" "metadata" "--manifest-path" "Cargo.toml" "--no-deps", kill_on_drop: false }`
[INFO] started tweaking crates.io crate elem 0.1.3
[INFO] finished tweaking crates.io crate elem 0.1.3
[INFO] tweaked toml for crates.io crate elem 0.1.3 written to /workspace/builds/worker-4-tc2/source/Cargo.toml
[INFO] crate crates.io crate elem 0.1.3 already has a lockfile, it will not be regenerated
[INFO] running `Command { std: CARGO_HOME="/workspace/cargo-home" RUSTUP_HOME="/workspace/rustup-home" "/workspace/cargo-home/bin/cargo" "+e6e4f7ed1589e03bc2f6c5931c1a72e7947e8682" "fetch" "--manifest-path" "Cargo.toml", kill_on_drop: false }`
[INFO] running `Command { std: "docker" "create" "-v" "/var/lib/crater-agent-workspace/builds/worker-4-tc2/target:/opt/rustwide/target:rw,Z" "-v" "/var/lib/crater-agent-workspace/builds/worker-4-tc2/source:/opt/rustwide/workdir:ro,Z" "-v" "/var/lib/crater-agent-workspace/cargo-home:/opt/rustwide/cargo-home:ro,Z" "-v" "/var/lib/crater-agent-workspace/rustup-home:/opt/rustwide/rustup-home:ro,Z" "-e" "SOURCE_DIR=/opt/rustwide/workdir" "-e" "CARGO_TARGET_DIR=/opt/rustwide/target" "-e" "CARGO_HOME=/opt/rustwide/cargo-home" "-e" "RUSTUP_HOME=/opt/rustwide/rustup-home" "-w" "/opt/rustwide/workdir" "-m" "1610612736" "--user" "0:0" "--network" "none" "ghcr.io/rust-lang/crates-build-env/linux@sha256:19e73879b68f455e41552ea35293514db52ea292d993f571636dbffedb77a1ee" "/opt/rustwide/cargo-home/bin/cargo" "+e6e4f7ed1589e03bc2f6c5931c1a72e7947e8682" "metadata" "--no-deps" "--format-version=1", kill_on_drop: false }`
[INFO] [stdout] e4a985399a7a84e12befc8cd690f1cfec92bd2548055425c9daf9d90690a6a03
[INFO] running `Command { std: "docker" "start" "-a" "e4a985399a7a84e12befc8cd690f1cfec92bd2548055425c9daf9d90690a6a03", kill_on_drop: false }`
[INFO] running `Command { std: "docker" "inspect" "e4a985399a7a84e12befc8cd690f1cfec92bd2548055425c9daf9d90690a6a03", kill_on_drop: false }`
[INFO] running `Command { std: "docker" "rm" "-f" "e4a985399a7a84e12befc8cd690f1cfec92bd2548055425c9daf9d90690a6a03", kill_on_drop: false }`
[INFO] [stdout] e4a985399a7a84e12befc8cd690f1cfec92bd2548055425c9daf9d90690a6a03
[INFO] running `Command { std: "docker" "create" "-v" "/var/lib/crater-agent-workspace/builds/worker-4-tc2/target:/opt/rustwide/target:rw,Z" "-v" "/var/lib/crater-agent-workspace/builds/worker-4-tc2/source:/opt/rustwide/workdir:ro,Z" "-v" "/var/lib/crater-agent-workspace/cargo-home:/opt/rustwide/cargo-home:ro,Z" "-v" "/var/lib/crater-agent-workspace/rustup-home:/opt/rustwide/rustup-home:ro,Z" "-e" "SOURCE_DIR=/opt/rustwide/workdir" "-e" "CARGO_TARGET_DIR=/opt/rustwide/target" "-e" "CARGO_INCREMENTAL=0" "-e" "RUST_BACKTRACE=full" "-e" "RUSTFLAGS=--cap-lints=forbid" "-e" "RUSTDOCFLAGS=--cap-lints=forbid" "-e" "CARGO_HOME=/opt/rustwide/cargo-home" "-e" "RUSTUP_HOME=/opt/rustwide/rustup-home" "-w" "/opt/rustwide/workdir" "-m" "1610612736" "--user" "0:0" "--network" "none" "ghcr.io/rust-lang/crates-build-env/linux@sha256:19e73879b68f455e41552ea35293514db52ea292d993f571636dbffedb77a1ee" "/opt/rustwide/cargo-home/bin/cargo" "+e6e4f7ed1589e03bc2f6c5931c1a72e7947e8682" "check" "--frozen" "--all" "--all-targets" "--message-format=json", kill_on_drop: false }`
[INFO] [stdout] bc6d31ce79aa19b3f0efd0e29c192d2291cfe7efaf044a694aface318ba4a655
[INFO] running `Command { std: "docker" "start" "-a" "bc6d31ce79aa19b3f0efd0e29c192d2291cfe7efaf044a694aface318ba4a655", kill_on_drop: false }`
[INFO] [stderr]    Compiling serde v1.0.152
[INFO] [stderr]    Compiling libc v0.2.139
[INFO] [stderr]    Compiling pkg-config v0.3.26
[INFO] [stderr]    Compiling heck v0.4.0
[INFO] [stderr]    Compiling smallvec v1.10.0
[INFO] [stderr]    Compiling version-compare v0.1.1
[INFO] [stderr]    Compiling proc-macro2 v1.0.49
[INFO] [stderr]    Compiling quote v1.0.23
[INFO] [stderr]    Compiling cfg-expr v0.11.0
[INFO] [stderr]    Compiling unicode-ident v1.0.6
[INFO] [stderr]    Compiling syn v1.0.107
[INFO] [stderr]    Compiling thiserror v1.0.38
[INFO] [stderr]    Compiling futures-core v0.3.25
[INFO] [stderr]    Compiling proc-macro-error-attr v1.0.4
[INFO] [stderr]     Checking once_cell v1.16.0
[INFO] [stderr]    Compiling proc-macro-error v1.0.4
[INFO] [stderr]    Compiling slab v0.4.7
[INFO] [stderr]    Compiling futures-task v0.3.25
[INFO] [stderr]    Compiling anyhow v1.0.68
[INFO] [stderr]     Checking getrandom v0.2.8
[INFO] [stderr]    Compiling futures-util v0.3.25
[INFO] [stderr]    Compiling futures-channel v0.3.25
[INFO] [stderr]    Compiling crossbeam-utils v0.8.14
[INFO] [stderr]    Compiling ucd-trie v0.1.5
[INFO] [stderr]    Compiling memoffset v0.7.1
[INFO] [stderr]    Compiling crossbeam-epoch v0.9.13
[INFO] [stderr]     Checking miniz_oxide v0.6.2
[INFO] [stderr]     Checking num_cpus v1.15.0
[INFO] [stderr]    Compiling generic-array v0.14.6
[INFO] [stderr]    Compiling log v0.4.17
[INFO] [stderr]    Compiling gio v0.15.12
[INFO] [stderr]     Checking crossbeam-channel v0.5.6
[INFO] [stderr]    Compiling memoffset v0.6.5
[INFO] [stderr]     Checking futures-io v0.3.25
[INFO] [stderr]    Compiling rayon-core v1.10.1
[INFO] [stderr]     Checking crossbeam-deque v0.8.2
[INFO] [stderr]     Checking flate2 v1.0.25
[INFO] [stderr]     Checking tinyvec_macros v0.1.0
[INFO] [stderr]     Checking tinyvec v1.6.0
[INFO] [stderr]    Compiling x11 v2.20.1
[INFO] [stderr]    Compiling gtk v0.15.5
[INFO] [stderr]    Compiling parking_lot_core v0.9.5
[INFO] [stderr]     Checking either v1.8.0
[INFO] [stderr]     Checking crypto-common v0.1.6
[INFO] [stderr]     Checking block-buffer v0.10.3
[INFO] [stderr]     Checking rayon v1.6.1
[INFO] [stderr]     Checking aho-corasick v0.7.20
[INFO] [stderr]     Checking ahash v0.7.6
[INFO] [stderr]     Checking spin v0.9.4
[INFO] [stderr]     Checking futures-executor v0.3.25
[INFO] [stderr]     Checking nanorand v0.7.0
[INFO] [stderr]     Checking unicode-normalization v0.1.22
[INFO] [stderr]     Checking rand_core v0.6.4
[INFO] [stderr]    Compiling x11-dl v2.20.1
[INFO] [stderr]     Checking libloading v0.7.4
[INFO] [stderr]     Checking quick-error v1.2.3
[INFO] [stderr]     Checking weezl v0.1.7
[INFO] [stderr]     Checking regex-syntax v0.6.28
[INFO] [stderr]    Compiling toml v0.5.10
[INFO] [stderr]     Checking bytemuck v1.12.3
[INFO] [stderr]     Checking itoa v1.0.5
[INFO] [stderr]     Checking futures-sink v0.3.25
[INFO] [stderr]    Compiling cc v1.0.78
[INFO] [stderr]     Checking unicode-bidi v0.3.8
[INFO] [stderr]     Checking rand_chacha v0.3.1
[INFO] [stderr]     Checking idna v0.3.0
[INFO] [stderr]     Checking humantime v1.3.0
[INFO] [stderr]     Checking hashbrown v0.12.3
[INFO] [stderr]     Checking digest v0.10.6
[INFO] [stderr]    Compiling system-deps v6.0.3
[INFO] [stderr]     Checking png v0.17.7
[INFO] [stderr]     Checking jpeg-decoder v0.3.0
[INFO] [stderr]    Compiling tao v0.15.8
[INFO] [stderr]     Checking regex v1.7.0
[INFO] [stderr]     Checking threadpool v1.8.1
[INFO] [stderr]     Checking dirs-sys-next v0.1.2
[INFO] [stderr]     Checking atty v0.2.14
[INFO] [stderr]    Compiling winapi v0.3.9
[INFO] [stderr]     Checking bytes v1.3.0
[INFO] [stderr]    Compiling serde_json v1.0.91
[INFO] [stderr]     Checking half v2.1.0
[INFO] [stderr]     Checking termcolor v1.1.3
[INFO] [stderr]    Compiling glib-sys v0.15.10
[INFO] [stderr]    Compiling gobject-sys v0.15.10
[INFO] [stderr]    Compiling gdk-sys v0.15.1
[INFO] [stderr]    Compiling gio-sys v0.15.10
[INFO] [stderr]    Compiling pango-sys v0.15.10
[INFO] [stderr]    Compiling gdk-pixbuf-sys v0.15.10
[INFO] [stderr]    Compiling cairo-sys-rs v0.15.1
[INFO] [stderr]    Compiling atk-sys v0.15.1
[INFO] [stderr]    Compiling gtk-sys v0.15.3
[INFO] [stderr]    Compiling gdkx11-sys v0.15.1
[INFO] [stderr]    Compiling thiserror-impl v1.0.38
[INFO] [stderr]    Compiling pin-project-internal v1.0.12
[INFO] [stderr]     Checking bit_field v0.10.1
[INFO] [stderr]    Compiling serde_derive v1.0.152
[INFO] [stderr]     Checking lebe v0.5.2
[INFO] [stderr]     Checking cty v0.2.2
[INFO] [stderr]     Checking cpufeatures v0.2.5
[INFO] [stderr]     Checking raw-window-handle v0.5.0
[INFO] [stderr]     Checking sha1 v0.10.5
[INFO] [stderr]     Checking env_logger v0.7.1
[INFO] [stderr]     Checking http v0.2.8
[INFO] [stderr]     Checking dirs-next v2.0.0
[INFO] [stderr]     Checking gif v0.11.4
[INFO] [stderr]     Checking tiff v0.8.1
[INFO] [stderr]     Checking fallible_collections v0.4.6
[INFO] [stderr]     Checking parking_lot v0.12.1
[INFO] [stderr]     Checking url v2.3.1
[INFO] [stderr]     Checking rand v0.8.5
[INFO] [stderr]     Checking rgb v0.8.34
[INFO] [stderr]     Checking uuid v1.2.2
[INFO] [stderr]     Checking instant v0.1.12
[INFO] [stderr]     Checking scoped_threadpool v0.1.9
[INFO] [stderr]    Compiling proc-macro-crate v1.2.1
[INFO] [stderr]    Compiling pest v2.5.2
[INFO] [stderr]     Checking utf-8 v0.7.6
[INFO] [stderr]     Checking ryu v1.0.12
[INFO] [stderr]     Checking tungstenite v0.18.0
[INFO] [stderr]     Checking lodepng v3.7.2
[INFO] [stderr]     Checking pin-project v1.0.12
[INFO] [stderr]     Checking flume v0.10.14
[INFO] [stderr]     Checking pretty_env_logger v0.4.0
[INFO] [stderr]    Compiling glib-macros v0.15.11
[INFO] [stderr]    Compiling gtk3-macros v0.15.4
[INFO] [stderr]     Checking exr v1.5.2
[INFO] [stderr]    Compiling semver-parser v0.10.2
[INFO] [stderr]     Checking libappindicator-sys v0.7.3
[INFO] [stderr]    Compiling semver v0.11.0
[INFO] [stderr]    Compiling rustc_version v0.3.3
[INFO] [stderr]    Compiling field-offset v0.3.4
[INFO] [stderr]     Checking glib v0.15.12
[INFO] [stderr]     Checking image v0.24.5
[INFO] [stderr]     Checking pango v0.15.10
[INFO] [stderr]     Checking cairo-rs v0.15.12
[INFO] [stderr]     Checking atk v0.15.1
[INFO] [stderr]     Checking gdk-pixbuf v0.15.11
[INFO] [stderr]     Checking gdk v0.15.4
[INFO] [stderr]     Checking libappindicator v0.7.1
[INFO] [stderr]     Checking elem v0.1.3 (/opt/rustwide/workdir)
[INFO] [stdout] error[E0433]: failed to resolve: could not find `um` in `winapi`
[INFO] [stdout]   --> src/tray.rs:24:13
[INFO] [stdout]    |
[INFO] [stdout] 24 | use winapi::um::{wincon::GetConsoleWindow, winuser, winuser::ShowWindow};
[INFO] [stdout]    |             ^^ could not find `um` in `winapi`
[INFO] [stdout] 
[INFO] [stdout] 
[INFO] [stdout] error[E0433]: failed to resolve: could not find `um` in `winapi`
[INFO] [stdout]   --> src/tray.rs:24:13
[INFO] [stdout]    |
[INFO] [stdout] 24 | use winapi::um::{wincon::GetConsoleWindow, winuser, winuser::ShowWindow};
[INFO] [stdout]    |             ^^ could not find `um` in `winapi`
[INFO] [stdout] 
[INFO] [stdout] 
[INFO] [stdout] error[E0432]: unresolved import `winapi::um`
[INFO] [stdout]   --> src/tray.rs:24:13
[INFO] [stdout]    |
[INFO] [stdout] 24 | use winapi::um::{wincon::GetConsoleWindow, winuser, winuser::ShowWindow};
[INFO] [stdout]    |             ^^ could not find `um` in `winapi`
[INFO] [stdout] 
[INFO] [stdout] 
[INFO] [stdout] error[E0432]: unresolved imports `winapi::um`, `winapi::um`
[INFO] [stdout]   --> src/main.rs:39:3
[INFO] [stdout]    |
[INFO] [stdout] 39 |   um,
[INFO] [stdout]    |   ^^ no `um` in the root
[INFO] [stdout] 40 |   um::{wincon, winuser},
[INFO] [stdout]    |   ^^ could not find `um` in `winapi`
[INFO] [stdout] 
[INFO] [stdout] 
[INFO] [stdout] error[E0432]: unresolved import `winapi::um`
[INFO] [stdout]   --> src/tray.rs:24:13
[INFO] [stdout]    |
[INFO] [stdout] 24 | use winapi::um::{wincon::GetConsoleWindow, winuser, winuser::ShowWindow};
[INFO] [stdout]    |             ^^ could not find `um` in `winapi`
[INFO] [stdout] 
[INFO] [stdout] 
[INFO] [stdout] error[E0432]: unresolved imports `winapi::um`, `winapi::um`
[INFO] [stdout]   --> src/main.rs:39:3
[INFO] [stdout]    |
[INFO] [stdout] 39 |   um,
[INFO] [stdout]    |   ^^ no `um` in the root
[INFO] [stdout] 40 |   um::{wincon, winuser},
[INFO] [stdout]    |   ^^ could not find `um` in `winapi`
[INFO] [stdout] 
[INFO] [stdout] 
[INFO] [stdout] error: aborting due to 3 previous errors
[INFO] [stdout] 
[INFO] [stdout] 
[INFO] [stdout] Some errors have detailed explanations: E0432, E0433.
[INFO] [stdout] 
[INFO] [stdout] For more information about an error, try `rustc --explain E0432`.
[INFO] [stdout] 
[INFO] [stderr] error: could not compile `elem` (bin "elem" test) due to 4 previous errors
[INFO] [stderr] warning: build failed, waiting for other jobs to finish...
[INFO] [stdout] error: aborting due to 3 previous errors
[INFO] [stdout] 
[INFO] [stdout] 
[INFO] [stdout] Some errors have detailed explanations: E0432, E0433.
[INFO] [stdout] 
[INFO] [stdout] For more information about an error, try `rustc --explain E0432`.
[INFO] [stdout] 
[INFO] [stderr] error: could not compile `elem` (bin "elem") due to 4 previous errors
[INFO] running `Command { std: "docker" "inspect" "bc6d31ce79aa19b3f0efd0e29c192d2291cfe7efaf044a694aface318ba4a655", kill_on_drop: false }`
[INFO] running `Command { std: "docker" "rm" "-f" "bc6d31ce79aa19b3f0efd0e29c192d2291cfe7efaf044a694aface318ba4a655", kill_on_drop: false }`
[INFO] [stdout] bc6d31ce79aa19b3f0efd0e29c192d2291cfe7efaf044a694aface318ba4a655
